5*o + 5. Let k(h) = -4 + 5 + 0*h + h - 2. Let n be k(-3). Determine j(n).
17
Let q(u) = 3*u**2 + 5*u + 2. Let t(r) = r**2 - r. Let o(g) = -q(g) + 2*t(g). Calculate o(-7).
-2
Let x = -364/3 + 122. Let v(c) be the second derivative of -x*c**3 + 0 + 1/20*c**5 - 4*c + 1/3*c**4 + 5/2*c**2. What is v(-5)?
0
Suppose 15*r + 20 = 10*r. Let x(w) = 2*w + 4. Determine x(r).
-4
Let j(h) be the first derivative of -h**4/4 - h**3 + 3*h**2/2 + 4*h + 9. Determine j(-3).
-5
Suppose 40*b = 41*b + 4. Let d(i) = -i**2 - 5. Determine d(b).
-21
Let w(c) = -c**3 + 6 - 3*c**2 - 5 + 2*c - c**2 + 3. What is w(-4)?
-4
Let m(t) = -6 + 116*t**3 - 7*t - 61*t**3 - 7*t**2 - 56*t**3. Determine m(-6).
0
Let h = -1 + 5. Let s(l) = -h*l - 2*l - 2*l + 6*l. Give s(-4).
8
Let a(l) be the third derivative of -l**6/120 - l**5/15 - l**4/12 + l**2. Suppose 5*v - 2*x + 29 = -5*x, 3*x = 3*v + 3. Determine a(v).
8
Let n(d) = 3*d**2 + 2 + d**3 - 5*d + 0*d + d**2. Let p be n(-5). Let t(v) = v**3 + 5*v**p + 2*v**2 - 2*v**2 - v. Give t(-5).
5
Let g(z) = z**2 - 10*z + 12. Let y = 147 + -138. Calculate g(y).
3
Let f(a) = 8*a + 4. Let j(w) = 23*w + 11. Let l(r) = 17*f(r) - 6*j(r). Calculate l(-2).
6
Let b(c) = -c**3 + 3*c**2 - c. Let y = 7 + -5. Let a be -2 + (2 - y) - -2. Let r be (2 - -2) + (a - 2). What is b(r)?
2
Let z(d) = -d + 1. Suppose -5*r + 30 = 3*b, 2*r + 3 = -b + 14. Give z(r).
-2
Let u be -2*(-3 - 9/(-2)). Let g(j) = 2*j**2 + 3*j - 1. What is g(u)?
8
Suppose 9 - 1 = 4*q. Let u(l) = 1 + 1 + 1 + q*l. Let h(i) = -i**2 + 11*i - 22. Let k be h(9). Determine u(k).
-5
Let m = 2 + -2. Suppose 4 = -d - m*d. Let b = d - -4. Let v(a) = -a**2 + a + 5. Calculate v(b).
5
Let h = 6 - 13. Let l be (-2)/h - (-69)/(-21). Let m(x) = -x**2 - 5*x + 3. Let s(y) = 1. Let p(w) = -m(w) + 4*s(w). Determine p(l).
-5
Let o(i) be the third derivative of i**4/4 + 21*i**2. Determine o(-1).
-6
Let f(b) = b**3 - 6*b**2 - 2*b + 8. Suppose 2*k + 8 = 4*j - j, 4*j - 2*k = 14. What is f(j)?
-4
Let k(m) = -m**3 + 4*m**2 + 3*m - 1. Let w(b) = b**3 + 7*b**2 + 7*b + 8. Let n be w(-6). Suppose 5*c - n*c - 12 = 0. Calculate k(c).
11
Let n(m) = -m**3 - 9*m**2 - 8*m + 7. Let i be n(-8). Let o(g) = -3*g + 1. Calculate o(i).
-20
Let j(z) = -z**2 + 3*z - 2. Let f be 272/119 + (-3)/(42/4). Calculate j(f).
0
Let l(t) = 2 - 4*t**2 - 4*t**2 - t + 5*t**2 + 5*t**2. Give l(-2).
12
Let a(j) = -j**3 - 9*j**2 - 8*j - 7. Suppose 6*m + 14 = -34. Give a(m).
-7
Let o be (-14)/(-6) + (-3)/9. Let h = 4 + -2. Let p(g) = -2*g - g**h + 0 + 1 - 6*g**3 + 2*g**o. Determine p(1).
-6
Let y = -31 + 35. Let t(o) = -o**2 + o + 3. Give t(y).
-9
Let q(v) = v**2 - 4*v - 1. Let h = -17 + 15. Let n be h/(-3) + 13/3. Give q(n).
4
Suppose 2*a - 6 = 0, 1 = -2*y - 0*y - a. Let i = 35 - 1. Let m(z) = 6*z**2 + 12*z + 6. Let g(p) = p**2 + 2*p + 1. Let n(o) = i*g(o) - 6*m(o). What is n(y)?
-2
Suppose 4*y + 3*x + 13 = -0*x, -x - 19 = 5*y. Let u be 1 + (-2 - -2) + -2. Let d = y - u. Let t(v) = v**3 + 3*v**2 - v - 2. Calculate t(d).
1
Let y(s) = s**2 + 7*s + 7. Let u be -2 + (-4 + 0 - -1). What is y(u)?
-3
Let w(i) = -7*i + 15*i - 6*i + 3. Calculate w(-4).
-5
Let b(a) = a**3 - 5*a**2 + 4*a - 2. Let n = -3 - -7. Determine b(n).
-2
Let h(r) = r**2 - 3*r. Let p be (-2)/4 + 116/(-8). Let q be (-39)/p - (-6)/15. Calculate h(q).
0
Let t(q) = 0*q + q**2 - 2 + 5 + 4*q - q. Let s(w) = -w. Let g(y) = -5*s(y) + t(y). What is g(-3)?
-12
Let q(c) be the second derivative of c + 1/3*c**3 + 0 + 0*c**2. Suppose -100 + 91 = 3*x. What is q(x)?
-6
Let k(x) = 4*x - 4. Let a = -13 + 16. Let s(m) = -55*m + 100. Let b(v) = -5*v + 9. Let c(i) = 45*b(i) - 4*s(i). Let l(n) = a*c(n) + 4*k(n). Determine l(-4).
-5
Let h be 55/44*(1 - (-3)/(-5)). Let z(j) be the second derivative of 1/2*j**4 + 0 - h*j**2 + 1/3*j**3 + 2*j. Give z(1).
7
Let j(f) = -f**2 + 5*f + 3. Suppose -3 - 3 = 2*w, 5*w = -5*h - 15. Let d(z) = -z + 6. Let g be d(h). Determine j(g).
-3
Let t(r) = 3*r + 1. Let l(u) = 2*u + 2. Let c(h) = 5*l(h) - 4*t(h). Calculate c(5).
-4
Let m(p) = -p - 3. Let o(q) = q**3 + 10*q**2 + 10*q + 11. Let z be o(-9). Suppose 0 = 2*v + 12 + z. Determine m(v).
4
Suppose -2*g = -173 - 9. Suppose -21 = -2*x - g. Let z be 7/x - (-11)/5. Let n(t) = t**2 - 5*t + 3. Give n(z).
-3
Suppose 0 = -2*t - x + 1, -t - 5*x = -3*x + 1. Let i(s) be the first derivative of -s - 3/2*s**2 - t. Give i(2).
-7
Let j(a) = 2*a**2 + 7*a + 7. Suppose -17*b - 13 - 72 = 0. What is j(b)?
22
Suppose 6*q + q = -7. Let j(y) = -5*y - 1. Give j(q).
4
Let j(a) be the first derivative of 3*a**5/40 + a**4/24 - 2*a**3/3 + 1. Let u(n) be the third derivative of j(n). Determine u(-1).
-8
Let a(o) be the third derivative of o**4/12 + 5*o**3/3 + 2*o**2. Let r(w) = -w + 1. Let m be 4/(-6)*(-3)/2. Let i(y) = m*a(y) + r(y). Give i(-5).
6
Let j = 15 - 11. Let n(x) = x**2 - 2*x + 5*x + 3*x + j. Let s be (4 - -6)*(-2)/4. Determine n(s).
-1
Suppose 0 = -0*y - 2*y. Let d(a) = a**2 - a - 1. Give d(y).
-1
Let x(k) be the first derivative of -k**3/3 - 3*k**2/2 - 3*k + 11. Let r(l) = -l**2 - 6*l - 2. Let n be (-3 - -8)*(-12)/10. Let b be r(n). Determine x(b).
-1
Let b(s) = -s**3 + 6*s**2 + 5. Let y be b(6). Let k = -1 - y. Let j be 34/k - (-8)/12. Let x(m) = -m**3 - 4*m**2 + 4*m. What is x(j)?
5
Let f(m) be the third derivative of -m**4/24 + 7*m**3/6 + 6*m**2. Let u = -1 - -4. What is f(u)?
4
Let z(m) be the second derivative of m**5/5 + m**3/3 + m**2/2 + m. Let a be 0 - (-1)/((-1)/2). Let j be (-1 - -2) + 0 + a. Give z(j).
-5
Let d(u) = -29*u**2 + 14*u**2 + 14*u**2 - 3*u + 1. Determine d(-6).
-17
Let t(o) = -5*o + 2. Suppose -3*b - 25 = -8*b. Give t(b).
-23
Let h(b) = -b**2 + 5*b - 6. Let p(v) = v + 12. Let n be p(0). Let z = -5 + n. Suppose z*w = 2*w + 25. Calculate h(w).
-6
Let u(a) = -5*a - 8. Let m(t) = -14*t - 23. Let w(z) = 6*m(z) - 17*u(z). Determine w(-7).
-9
Let b be 21/2 + (-1)/(-2). Let x = b - 8. Let a(g) = 0*g - 1 - x*g**2 - 3*g**2 + 2*g. Determine a(1).
-5
Let h(d) be the first derivative of -d**4/4 + 2*d**3/3 - 2*d**2 + 4*d + 3. Let u(c) = -c**3 + 3*c**2 - 3*c + 3. Let q(t) = 2*h(t) - 3*u(t). Determine q(5).
4
Let a(z) = z + 1. Let i be 1/3*(1 - -14). Suppose -2*r = y - 8, 0 + 12 = 3*r - 2*y. Suppose -r*b = -i*b + 3. Give a(b).
4
Let w = -14 + 16. Let g(k) = -6*k**3 - 3*k**w - 2*k + 6*k**3 - 2*k**3 + k. What is g(-2)?
6
Let s(d) be the second derivative of 0 + 1/20*d**5 - 7*d + 7/6*d**3 - 3/2*d**2 - 2/3*d**4. What is s(7)?
-3
Let p(q) = q**2 - 6*q - 4. Let j(f) = 2*f**2 - 6*f - 5. Let t(z) = 2*j(z) - 3*p(z). Suppose -5 = -5*g, 0*y + 3*y + 4*g = 7. Suppose -r - 3 = y. Calculate t(r).
-6
Let a(g) be the second derivative of g**5/20 - g**4/6 - 2*g**3/3 - 5*g**2/2 + 20*g. Determine a(4).
11
Let z(l) = -8*l**2 + 3*l + 3. Let b(n) = -3*n**2 + n + 1. Let j(o) = -11*b(o) + 4*z(o). What is j(-2)?
3
Let y(d) = -d**2 - 5*d + 1. Let p be -4 + 2 + (-8 - -4). Give y(p).
-5
Let v(u) = u**2 - u. Let x be (-6 - -4)*(1 + -2). Calculate v(x).
2
Let v(y) = 4*y + 10. Let h(b) = b + 3. Let m be h(10). Let t(z) = -m - 3*z + 0*z + 4. Let g(f) = 3*t(f) + 2*v(f). What is g(-5)?
-2
Let v(a) = 4*a. Let p(u) = 5*u - 1. Let k(g) = -3*p(g) + 4*v(g). Calculate k(7).
10
Let j(p) = p - 4. Let z(x) be the third derivative of -2*x**3 + 0*x + 4*x**2 + 1/8*x**4 + 0. Let i(b) = 11*j(b) - 4*z(b). Determine i(5).
-1
Let a(t) = -t + 1. Let z(r) = r - 12. Let p be z(14). What is a(p)?
-1
Let p(o) = -3*o + 38. Let c be p(11). Let k(i) = i - 6. Determine k(c).
-1
Suppose 4*b + 24 = -r, 4*r + 119*b - 120*b = -11. Let z(l) be the third derivative of -l**4/24 + l**3/3 - l**2. Give z(r).
6
Let q(u) = -u**3 - u**2 - 6. Let j = -5 - -5. What is q(j)?
-6
Let g(d) = -d**2 - 4*d - 2. Let p be 2/6*(12 - 27). Give g(p).
-7
Let g(v) be the third derivative of v**6/120 + v**5/15 - v**4/12 + 3*v**2. Let l = -9 - -5. Calculate g(l).
8
Let o(l) = -2*l**2 - l - 1. Suppose -8 = -5*n + 3*h - 1, n - 5 = -3*h. Let p be 2/(-1) + 2/n. Determine o(p).
-2
Let l(s) = 101 - 104 + 0*s - s. What is l(4)?
-7
Let y(u) = 3*u - 13. Suppose -3*l - 21 = -6*l. Let a(d) = 10*d - 40. Let v(c) = l*y(c) - 2*a(c). What is v(5)?
-6
Suppose 2*c - c = 3. Let v(o) = -4*o + 4*o**2 + 2 + 2*o - 5*o**3 + 4*o**3. Calculate v(c).
5
Let u(w) = 2*w + 3. Suppose 2*k - 37 = -31. What is u(k)?
9
Suppose -83 = -5*u + 97. Suppose -2*r + 19 = x - 